{"id":215,"date":"2018-11-06T07:24:42","date_gmt":"2018-11-06T07:24:42","guid":{"rendered":"http:\/\/plantilla.iccrles.org\/?page_id=215"},"modified":"2024-07-10T19:12:23","modified_gmt":"2024-07-11T02:12:23","slug":"contactanos","status":"publish","type":"page","link":"https:\/\/www.iccrles.org\/","title":{"rendered":"Cont\u00e1ctanos"},"content":{"rendered":"<p>[vc_row][vc_column][vc_column_text]<\/p>\n<h1><strong>Con\u00f3cenos en:<\/strong><\/h1>\n<h3 style=\"text-align: left;\">Calle Fidel Velazquez s\/n entre Blvd. Serna y Paseo R\u00edo Sonora<\/h3>\n<h3 style=\"text-align: left;\">Colonia Hacienda de la Flor, Hermosillo, Sonora<\/h3>\n<h3 style=\"text-align: left;\">C.P. 83293<\/h3>\n<h3 style=\"text-align: left;\">Correo electr\u00f3nico: info@iccrles.org<\/h3>\n<h3 style=\"text-align: left;\">Tel\u00e9fono:\u00a0 6623-106364<\/h3>\n<p>[\/vc_column_text][\/vc_column][\/vc_row]<\/p>\n<h1><strong>Vis\u00edtanos en facebook<\/strong><\/h1>\n\n\n<div id=\"fb-root\"><\/div>\n            <script>(function(d, s, id) {\n              var js, fjs = d.getElementsByTagName(s)[0];\n              if (d.getElementById(id)) return;\n              js = d.createElement(s); js.id = id;\n              js.async=true; \n              js.src = \"\/\/connect.facebook.net\/es_MX\/all.js#xfbml=1&appId=395202813876688\";\n              fjs.parentNode.insertBefore(js, fjs);\n            }(document, 'script', 'facebook-jssdk'));<\/script> <div class=\"efbl-like-box 1\">\n                  <div class=\"fb-page\" data-animclass=\"fadeIn\" data-href=\"https:\/\/www.facebook.com\/iccrlessonora\" data-hide-cover=false data-width=\"600\"   data-height=\"1450\" data-show-facepile=true  data-show-posts=true data-adapt-container-width=false data-hide-cta=true data-small-header=\"true\">\n                  <\/div> \n                  \n               <\/div>\n            \n","protected":false},"excerpt":{"rendered":"<p>[vc_row][vc_column][vc_column_text] Con\u00f3cenos en: Calle Fidel Velazquez s\/n entre Blvd. Serna y Paseo R\u00edo Sonora Colonia Hacienda de la Flor, Hermosillo, Sonora C.P. 83293 Correo electr\u00f3nico: info@iccrles.org Tel\u00e9fono:\u00a0 6623-106364 [\/vc_column_text][\/vc_column][\/vc_row] Vis\u00edtanos en facebook<\/p>\n","protected":false},"author":1,"featured_media":0,"parent":0,"menu_order":0,"comment_status":"closed","ping_status":"closed","template":"","meta":{"footnotes":""},"class_list":["post-215","page","type-page","status-publish","hentry"],"_links":{"self":[{"href":"https:\/\/www.iccrles.org\/index.php\/wp-json\/wp\/v2\/pages\/215","targetHints":{"allow":["GET"]}}],"collection":[{"href":"https:\/\/www.iccrles.org\/index.php\/wp-json\/wp\/v2\/pages"}],"about":[{"href":"https:\/\/www.iccrles.org\/index.php\/wp-json\/wp\/v2\/types\/page"}],"author":[{"embeddable":true,"href":"https:\/\/www.iccrles.org\/index.php\/wp-json\/wp\/v2\/users\/1"}],"replies":[{"embeddable":true,"href":"https:\/\/www.iccrles.org\/index.php\/wp-json\/wp\/v2\/comments?post=215"}],"version-history":[{"count":28,"href":"https:\/\/www.iccrles.org\/index.php\/wp-json\/wp\/v2\/pages\/215\/revisions"}],"predecessor-version":[{"id":941,"href":"https:\/\/www.iccrles.org\/index.php\/wp-json\/wp\/v2\/pages\/215\/revisions\/941"}],"wp:attachment":[{"href":"https:\/\/www.iccrles.org\/index.php\/wp-json\/wp\/v2\/media?parent=215"}],"curies":[{"name":"wp","href":"https:\/\/api.w.org\/{rel}","templated":true}]}}